 7671418219 composite?
False
Is 1454860718 prime?
False
Is 14494293029 a prime number?
True
Is 479762999 prime?
True
Is 12888107 prime?
False
Is 2473331183 prime?
True
Is 3898381457 prime?
False
Is 2563168955 a composite number?
True
Is 422894059967 composite?
True
Is 805808573 a composite number?
False
Is 1954143509 a composite number?
True
Is 27182895827 a composite number?
True
Is 182837244887 a prime number?
False
Is 3008708421 composite?
True
Is 67707706789 a prime number?
True
Is 8981735621 composite?
True
Is 20449700623 prime?
False
Is 24968209879 a prime number?
True
Is 40209788023 composite?
False
Is 11982129539 prime?
True
Is 1987168558 a composite number?
True
Is 1758247009 a composite number?
False
Is 440934409 prime?
False
Is 609070183 composite?
False
Is 567876553 prime?
False
Is 1450627247 prime?
True
Is 1016678473 prime?
True
Is 543188381 composite?
True
Is 1521809647 a prime number?
False
Is 223197817 a prime number?
True
Is 179110847 a prime number?
True
Is 682047857 composite?
False
Is 306827831 composite?
True
Is 108695243831 a composite number?
False
Is 8221798063 a composite number?
True
Is 26933474717 prime?
True
Is 4512524917 prime?
False
Is 1520141563 prime?
False
Is 1350553982 prime?
False
Is 717080701 a composite number?
True
Is 3065225431 a prime number?
False
Is 5100320609 a prime number?
True
Is 60774538067 composite?
True
Is 849721027 a prime number?
True
Is 3375935027 a composite number?
False
Is 21599431793 prime?
False
Is 320389547 composite?
False
Is 1827065909 prime?
False
Is 26534636671 a prime number?
True
Is 187965097 a prime number?
True
Is 23165250539 prime?
False
Is 7682357269 a composite number?
True
Is 226198213 a composite number?
True
Is 2106131591 composite?
False
Is 4316101733 a prime number?
False
Is 11535049459 a prime number?
True
Is 1066242581 a prime number?
True
Is 713465671 prime?
True
Is 36030382279 a prime number?
False
Is 11288955793 prime?
True
Is 506369351 composite?
True
Is 5007679091 a prime number?
True
Is 1159356491 a prime number?
True
Is 227713498 a composite number?
True
Is 2743302481 composite?
True
Is 5976901663 prime?
True
Is 1401869319 a composite number?
True
Is 5511126307 a prime number?
False
Is 854522737 a composite number?
False
Is 10724125859 a composite number?
False
Is 116951017 a composite number?
True
Is 1007964929 prime?
False
Is 223693323533 composite?
True
Is 12699161 a prime number?
False
Is 1034067773 a composite number?
False
Is 449116883 prime?
False
Is 1844803669 prime?
True
Is 35554136281 a prime number?
True
Is 12135638393 a prime number?
True
Is 31050093422 a prime number?
False
Is 2479632809 a prime number?
False
Is 382085531 prime?
True
Is 1299805183 a prime number?
False
Is 64096880923 prime?
True
Is 669766991 composite?
False
Is 1545838403 prime?
False
Is 569041217 a prime number?
True
Is 2991722933 composite?
False
Is 3159650911 a composite number?
True
Is 8501079057 a prime number?
False
Is 2761543627 a composite number?
True
Is 10012025201 a prime number?
True
Is 94913381 composite?
False
Is 2037685327 a prime number?
False
Is 248858712845 prime?
False
Is 100537663 composite?
False
Is 206172563 a prime number?
True
Is 762196397 a composite number?
True
Is 11297082751 a composite number?
True
Is 3826959821 a prime number?
True
Is 2160375469 prime?
False
Is 12235545001 a composite number?
True
Is 289510061 a prime number?
False
Is 80642857571 prime?
True
Is 12947552467 a prime number?
False
Is 17967010697 composite?
True
Is 4346717663 a composite number?
False
Is 31361630081 composite?
False
Is 28010153 a prime number?
False
Is 2273137471 prime?
False
Is 786991129 composite?
False
Is 482328389 a composite number?
False
Is 19804702901 composite?
False
Is 529261627 a composite number?
True
Is 424705889 composite?
True
Is 162985195 a composite number?
True
Is 336034033 a composite number?
True
Is 689455309 composite?
True
Is 1491267541 composite?
False
Is 842924539 composite?
True
Is 244188779 a composite number?
True
Is 3116594443 a prime number?
True
Is 3662634567 prime?
False
Is 10366855009 a composite number?
True
Is 20125631761 a prime number?
True
Is 6822539194 a composite number?
True
Is 34134503066 prime?
False
Is 2665234201 prime?
False
Is 9813860137 a prime number?
True
Is 2481844591 a prime number?
False
Is 203553323321 a composite number?
False
Is 637901909 composite?
False
Is 6498310361 a composite number?
True
Is 98247197 a composite number?
False
Is 3272021633 prime?
True
Is 383543323 a prime number?
True
Is 51954398311 a prime number?
True
Is 1340245531 prime?
True
Is 580141247 prime?
False
Is 1373819299 prime?
True
Is 136432523 a composite number?
False
Is 55095487231 a composite number?
True
Is 1565912863 composite?
True
Is 506690131 composite?
True
Is 11487393859 composite?
False
Is 9704912927 a composite number?
True
Is 86667911333 prime?
True
Is 13575358994 a composite number?
True
Is 1152105769 a composite number?
True
Is 6351701833 prime?
True
Is 1450334811 composite?
True
Is 1162471229 composite?
True
Is 5729362921 a prime number?
True
Is 1498459327 a composite number?
True
Is 26787186565 prime?
False
Is 137829605321 composite?
False
Is 529666013 composite?
False
Is 22581181793 a composite number?
False
Is 509947157 a prime number?
False
Is 2157570533 a composite number?
False
Is 454214197 a composite number?
True
Is 145024337509 composite?
False
Is 1734454961 a composite number?
True
Is 30899797 prime?
False
Is 183667373 composite?
False
Is 2178878327 composite?
True
Is 14673458281 composite?
True
Is 5316618781 a composite number?
False
Is 4273255457 prime?
True
Is 2520731579 a composite number?
False
Is 652418009 prime?
False
Is 17949040985 composite?
True
Is 54201438537 a composite number?
True
Is 20744828483 prime?
False
Is 3879263737 composite?
True
Is 63580609333 composite?
False
Is 138159731839 a prime number?
True
Is 2696372951 composite?
False
Is 1169319233 prime?
True
Is 239776307 prime?
True
Is 3102498627 a prime number?
False
Is 20485718191 a composite number?
False
Is 232475219 a prime number?
True
Is 3002323529 prime?
True
Is 15461898719 composite?
False
Is 31801884929 a composite number?
False
Is 96155337301 a prime number?
False
Is 1548494407 a composite number?
True
Is 17313793951 a composite number?
False
Is 2692011831 a composite number?
True
Is 534445385 composite?
True
Is 521314147 a composite number?
True
Is 1549927441 a composite number?
False
Is 546542063 a prime number?
False
Is 69634523773 prime?
True
Is 10664178971 composite?
False
Is 43560911321 composite?
False
Is 44665559551 composite?
False
Is 342236351 a prime number?
True
Is 14288828971 a prime number?
False
Is 2149665889 prime?
False
Is 235200521 a prime number?
True
Is 16597600403 a composite number?
False
Is 4693010039 a prime number?
False
Is 5196177863 composite?
True
Is 4183042741 a composite number?
False
Is 48561465131 a composite number?
True
Is 618440209 composite?
False
Is 204098863999 a prime number?
True
Is 11605041269 prime?
True
Is 35647156927 composite?
True
Is 51980311 composite?
True
Is 1250927329 prime?
True
Is 16814224891 prime?
False
Is 1971466667 prime?
False
Is 1482964873 prime?
False
Is 1482848119 a composite number?
True
Is 10101631703 composite?
True
Is 487475083 composite?
True
Is 70562759 a composite number?
False
Is 839377879 prime?
False
Is 987540347 composite?
True
Is 36877685993 a composite number?
True
Is 7257944783 a composite number?
False
Is 35288294299 a prime number?
True
Is 8192340361 a composite number?
True
Is 701706937 a composite number?
False
Is 905182346 composite?
True
Is 5704268819 composite?
False
Is 27214469 a composite number?
True
Is 705613166 a composite number?
True
Is 12782451127 prime?
False
Is 19688979589 prime?
False
Is 3771960158 a prime number?
False
Is 80253235 a composite number?
True
Is 434307847 a prime number?
True
Is 12662944703 prime?
True
Is 8485020821 a prime number?
True
Is 7711016021 a composite number?
True
Is 15384128681 composite?
False
Is 8144442689 prime?
False
Is 3239366933 a prime number?
False
Is 51077621 a prime number?
False
Is 9444946883 a prime number?
True
Is 8368741093 prime?
False
Is 3022158857 composite?
False
Is 577687367 a composite number?
False
Is 8565